{"id":1749,"date":"2024-02-14T02:52:45","date_gmt":"2024-02-14T05:52:45","guid":{"rendered":"https:\/\/www.misitiopropiedades.cl\/?post_type=product&#038;p=1749"},"modified":"2024-02-26T12:00:02","modified_gmt":"2024-02-26T15:00:02","slug":"departamento-san-miguel-septima-avenida","status":"publish","type":"product","link":"https:\/\/misitiopropiedades.cl\/?product=departamento-san-miguel-septima-avenida","title":{"rendered":"Departamento San Miguel &#8211; S\u00e9ptima avenida"},"content":{"rendered":"<p style=\"text-align: left;\"><strong>2D+2B<\/strong> | Cocina independiente | living comedor | Terraza | 1 Estacionamiento | 65.6 mts totales | Seguridad 24\/7<\/p>\n<p>Hermoso departamento ubicado en la <strong>S\u00e9ptima Avenida<\/strong>, comuna de San Miguel, excelente barrio residencial, cercano a estaci\u00f3n de <strong>Metro Ciudad del<\/strong> <strong>Ni\u00f1o<\/strong>, Autopista Central, comercio, colegios, supermercados y Bancos,<br \/>\nEmplazado en moderno edificio, con <strong>seguridad 24\/7<\/strong>, cit\u00f3fono con identificaci\u00f3n de rostro para ingreso de residentes; \u00e1rea de juegos para ni\u00f1os, estacionamiento de visitas, bicicleteros, piscina, \u00e1reas verdes, 2 salones multiuso, gimnasio, quinchos, y sector de azotea con fogones.<\/p>\n<p><strong>Departamento<\/strong><br \/>\n-Hall de acceso<br \/>\n-Living- comedor con salida a terraza con orientaci\u00f3n Norte y vista despejada.<br \/>\n-Cocina cerrada, amoblada y equipada con horno, encimera y campana.<br \/>\n-Conexi\u00f3n a lavadora.<\/p>\n<p>2 dormitorios:<br \/>\n-Principal en suite, amplios closets; ba\u00f1o completo con shower door.<br \/>\n-Segundo dormitorio con closet de almacenamiento.<br \/>\n-Ba\u00f1o de visitas completo con tina.<\/p>\n<p>.-1 estacionamiento<br \/>\n-arriendo opcional de bodega<\/p>\n<p>Terminaciones:<br \/>\n-Piso flotante en todo el departamento<br \/>\n-Cortinas rollers incluidas.<br \/>\n-Lavaplatos moderno y amplio.<\/p>\n<p>Valor GGCC: $85.000.-<br \/>\nArriendo Bodega Opcional: $50.000.- extra al canon de arriendo.<\/p>\n","protected":false},"excerpt":{"rendered":"<p>2D+2B | Cocina independiente | living comedor | Terraza | 1 Estacionamiento | 65.6 mts totales | Seguridad 24\/7 Hermoso departamento ubicado en la S\u00e9ptima Avenida, comuna de San Miguel, excelente barrio residencial, cercano a estaci\u00f3n de Metro Ciudad del Ni\u00f1o, Autopista Central, comercio, colegios, supermercados y Bancos, Emplazado en moderno edificio, con seguridad 24\/7, [&hellip;]<\/p>\n","protected":false},"featured_media":1780,"template":"","meta":[],"product_cat":[110,86],"product_tag":[109],"aioseo_notices":[],"jetpack_sharing_enabled":true,"_links":{"self":[{"href":"https:\/\/misitiopropiedades.cl\/index.php?rest_route=\/wp\/v2\/product\/1749"}],"collection":[{"href":"https:\/\/misitiopropiedades.cl\/index.php?rest_route=\/wp\/v2\/product"}],"about":[{"href":"https:\/\/misitiopropiedades.cl\/index.php?rest_route=\/wp\/v2\/types\/product"}],"version-history":[{"count":3,"href":"https:\/\/misitiopropiedades.cl\/index.php?rest_route=\/wp\/v2\/product\/1749\/revisions"}],"predecessor-version":[{"id":1752,"href":"https:\/\/misitiopropiedades.cl\/index.php?rest_route=\/wp\/v2\/product\/1749\/revisions\/1752"}],"wp:featuredmedia":[{"embeddable":true,"href":"https:\/\/misitiopropiedades.cl\/index.php?rest_route=\/wp\/v2\/media\/1780"}],"wp:attachment":[{"href":"https:\/\/misitiopropiedades.cl\/index.php?rest_route=%2Fwp%2Fv2%2Fmedia&parent=1749"}],"wp:term":[{"taxonomy":"product_cat","embeddable":true,"href":"https:\/\/misitiopropiedades.cl\/index.php?rest_route=%2Fwp%2Fv2%2Fproduct_cat&post=1749"},{"taxonomy":"product_tag","embeddable":true,"href":"https:\/\/misitiopropiedades.cl\/index.php?rest_route=%2Fwp%2Fv2%2Fproduct_tag&post=1749"}],"curies":[{"name":"wp","href":"https:\/\/api.w.org\/{rel}","templated":true}]}}