{"id":1737,"date":"2024-02-14T01:48:49","date_gmt":"2024-02-14T04:48:49","guid":{"rendered":"https:\/\/www.misitiopropiedades.cl\/?post_type=product&#038;p=1737"},"modified":"2024-02-14T02:03:31","modified_gmt":"2024-02-14T05:03:31","slug":"departamento-2d-2b-condominio-don-emiliano","status":"publish","type":"product","link":"https:\/\/misitiopropiedades.cl\/?product=departamento-2d-2b-condominio-don-emiliano","title":{"rendered":"Departamento 2d + 2b | Condominio Don Emiliano"},"content":{"rendered":"<p>2 Dormitorios + 2 Ba\u00f1os | Cocina cerrada | Living Comedor | Terraza | 50 Mt2 Total.<\/p>\n<p>Departamento ubicado en Condominio &#8220;Don Emiliano&#8221;, cuenta con seguridad 24 Horas, acceso controlado, estacionamiento de visita, lavander\u00eda y sal\u00f3n de uso m\u00faltiple. Tiene excelente conectividad, cercano a Av. Recoleta, colegios, restaurantes, \u00e1reas verdes, minimarket, municipalidad y a tan solo 10 minutos de Estaci\u00f3n de Metro Dorsal.<\/p>\n<p>&#8211; Hall de acceso.<br \/>\n&#8211; Cocina cerrada y amoblada, con salida a sector de Loggia donde se encuentra calefont y conexi\u00f3n a lavadora.<br \/>\n&#8211; Amplio Living &#8211; Comedor con piso flotante y salida a terraza de 2Mt2 con orientaci\u00f3n Poniente.<br \/>\n&#8211; Ba\u00f1o de visitas o secundario completo con tina.<br \/>\n&#8211; Dormitorio secundario con closet de almacenamiento.<br \/>\n&#8211; Dormitorio Principal en suite con closet de almacenamiento.<br \/>\n&#8211; Ba\u00f1o principal completo con tina y ventilaci\u00f3n natural.<\/p>\n<p>Terminaciones:<br \/>\n&#8211; Piso Flotante en \u00e1reas comunes, Living, Comedor y Dormitorios.<br \/>\n&#8211; Cer\u00e1mica en Cocina, loggia, ba\u00f1os y terraza.<\/p>\n<p>* Departamento exento al pago de contribuciones.<br \/>\n* Departamento actualmente Arrendado.<\/p>\n<p>GGCC: $60.000.-<\/p>\n<p>ABIERTO A RECIBIR OFERTAS<\/p>\n<p>\u00bfQuieres conocer m\u00e1s sobre esta propiedad? Cont\u00e1ctanos y agenda tu visita!<\/p>\n","protected":false},"excerpt":{"rendered":"<p>2 Dormitorios + 2 Ba\u00f1os | Cocina cerrada | Living Comedor | Terraza | 50 Mt2 Total. Departamento ubicado en Condominio &#8220;Don Emiliano&#8221;, cuenta con seguridad 24 Horas, acceso controlado, estacionamiento de visita, lavander\u00eda y sal\u00f3n de uso m\u00faltiple. Tiene excelente conectividad, cercano a Av. Recoleta, colegios, restaurantes, \u00e1reas verdes, minimarket, municipalidad y a tan [&hellip;]<\/p>\n","protected":false},"featured_media":0,"template":"","meta":[],"product_cat":[110,86],"product_tag":[108],"aioseo_notices":[],"jetpack_sharing_enabled":true,"_links":{"self":[{"href":"https:\/\/misitiopropiedades.cl\/index.php?rest_route=\/wp\/v2\/product\/1737"}],"collection":[{"href":"https:\/\/misitiopropiedades.cl\/index.php?rest_route=\/wp\/v2\/product"}],"about":[{"href":"https:\/\/misitiopropiedades.cl\/index.php?rest_route=\/wp\/v2\/types\/product"}],"version-history":[{"count":1,"href":"https:\/\/misitiopropiedades.cl\/index.php?rest_route=\/wp\/v2\/product\/1737\/revisions"}],"predecessor-version":[{"id":1738,"href":"https:\/\/misitiopropiedades.cl\/index.php?rest_route=\/wp\/v2\/product\/1737\/revisions\/1738"}],"wp:attachment":[{"href":"https:\/\/misitiopropiedades.cl\/index.php?rest_route=%2Fwp%2Fv2%2Fmedia&parent=1737"}],"wp:term":[{"taxonomy":"product_cat","embeddable":true,"href":"https:\/\/misitiopropiedades.cl\/index.php?rest_route=%2Fwp%2Fv2%2Fproduct_cat&post=1737"},{"taxonomy":"product_tag","embeddable":true,"href":"https:\/\/misitiopropiedades.cl\/index.php?rest_route=%2Fwp%2Fv2%2Fproduct_tag&post=1737"}],"curies":[{"name":"wp","href":"https:\/\/api.w.org\/{rel}","templated":true}]}}