{"id":1495,"date":"2024-01-29T22:04:59","date_gmt":"2024-01-30T01:04:59","guid":{"rendered":"https:\/\/www.misitiopropiedades.cl\/?post_type=product&#038;p=1495"},"modified":"2024-01-29T23:46:30","modified_gmt":"2024-01-30T02:46:30","slug":"miraflores-remodelado-1d-1b","status":"publish","type":"product","link":"https:\/\/misitiopropiedades.cl\/?product=miraflores-remodelado-1d-1b","title":{"rendered":"Santiago &#8211; Miraflores Remodelado &#8211; 1D + 1B"},"content":{"rendered":"<p style=\"text-align: left;\">1D+1B | Cocina abierta amoblada y equipada | Remodelado | Terraza 5.20 Mt2 | orientaci\u00f3n oriente | walk in closet | conexi\u00f3n a lavadora | 43.45 Mt2 Total<\/p>\n<p>Departamento 100% remodelado, ubicado en calle Miraflores, sector barrio bellas artes \/ Santa luc\u00eda, cuenta con gran conectividad a transporte p\u00fablico y a estaciones de Metro Bellas Artes (L5) y Metro Santa Lucia (L1). Excelente ubicaci\u00f3n cercano a Universidades, Colegio, Bancos, Supermercados, Centro comerciales, Restaurantes y todas las actividades que se desarrollan en este atractivo barrio de Bellas Artes y Lastarria.<\/p>\n<p>Departamento con concepto abierto, cuenta con:<br \/>\n&#8211; Cocina Amoblada y equipada con artefactos nuevos como horno, encimera, campana y lavaplatos, destaca espacio para refrigerador doble y hermosos muebles de almacenamiento que compone mes\u00f3n estilo barra.<br \/>\n&#8211; Sala de estar muy iluminada con conexi\u00f3n a terraza de orientaci\u00f3n Oriente.<br \/>\n&#8211; Dormitorio en suite, amplio e iluminado con salida a terraza independiente, cuenta con walk in closet.<br \/>\n&#8211; Ba\u00f1o completamente remodelado y artefactos nuevos (lavamanos, muebles, WC, shower door, llaves, ducha). Cuenta con conexi\u00f3n a lavadora.<\/p>\n<p>Terminaciones:<br \/>\n* Ventanas con Termopanel nuevos.<br \/>\n* Piso: Porcelanato en \u00c1rea com\u00fan &#8211; dormitorio &#8211; ba\u00f1o y cocina.<br \/>\n* Agua caliente con Termo.<br \/>\n* Conexi\u00f3n a lavadora.<\/p>\n<p>GGCC:$70.000<br \/>\nContribuciones: No paga.<br \/>\n* Se acepta Arriendo con compromiso de compra<\/p>\n<p>\u00bfQuieres conocer m\u00e1s? Cont\u00e1ctate con nosotros por mail, tel\u00e9fono, WhatsApp, direct y agenda tu visita.<\/p>\n","protected":false},"excerpt":{"rendered":"<p>1D+1B | Cocina abierta amoblada y equipada | Remodelado | Terraza 5.20 Mt2 | orientaci\u00f3n oriente | walk in closet | conexi\u00f3n a lavadora | 43.45 Mt2 Total Departamento 100% remodelado, ubicado en calle Miraflores, sector barrio bellas artes \/ Santa luc\u00eda, cuenta con gran conectividad a transporte p\u00fablico y a estaciones de Metro Bellas [&hellip;]<\/p>\n","protected":false},"featured_media":1502,"template":"","meta":[],"product_cat":[110,86],"product_tag":[108],"aioseo_notices":[],"jetpack_sharing_enabled":true,"_links":{"self":[{"href":"https:\/\/misitiopropiedades.cl\/index.php?rest_route=\/wp\/v2\/product\/1495"}],"collection":[{"href":"https:\/\/misitiopropiedades.cl\/index.php?rest_route=\/wp\/v2\/product"}],"about":[{"href":"https:\/\/misitiopropiedades.cl\/index.php?rest_route=\/wp\/v2\/types\/product"}],"version-history":[{"count":3,"href":"https:\/\/misitiopropiedades.cl\/index.php?rest_route=\/wp\/v2\/product\/1495\/revisions"}],"predecessor-version":[{"id":1549,"href":"https:\/\/misitiopropiedades.cl\/index.php?rest_route=\/wp\/v2\/product\/1495\/revisions\/1549"}],"wp:featuredmedia":[{"embeddable":true,"href":"https:\/\/misitiopropiedades.cl\/index.php?rest_route=\/wp\/v2\/media\/1502"}],"wp:attachment":[{"href":"https:\/\/misitiopropiedades.cl\/index.php?rest_route=%2Fwp%2Fv2%2Fmedia&parent=1495"}],"wp:term":[{"taxonomy":"product_cat","embeddable":true,"href":"https:\/\/misitiopropiedades.cl\/index.php?rest_route=%2Fwp%2Fv2%2Fproduct_cat&post=1495"},{"taxonomy":"product_tag","embeddable":true,"href":"https:\/\/misitiopropiedades.cl\/index.php?rest_route=%2Fwp%2Fv2%2Fproduct_tag&post=1495"}],"curies":[{"name":"wp","href":"https:\/\/api.w.org\/{rel}","templated":true}]}}